ide 55674102?
False
Does 1696 divide 52560736?
True
Is 72 a factor of 125541720?
True
Does 163 divide 183105332?
False
Is 2 a factor of 4626107?
False
Is 23 a factor of 561755848?
False
Is 45299160 a multiple of 290?
True
Is 99 a factor of 12859473?
False
Does 8 divide 4401152?
True
Is 14898681 a multiple of 63?
True
Is 1290 a factor of 70173093?
False
Does 3836 divide 163183440?
True
Is 21 a factor of 827350057?
False
Does 4 divide 985786574?
False
Is 155392545 a multiple of 33?
True
Is 28731885 a multiple of 15?
True
Is 11516791 a multiple of 693?
False
Is 917188174 a multiple of 98?
True
Is 381429195 a multiple of 13?
False
Is 5 a factor of 656162?
False
Does 84 divide 47683440?
True
Is 2327361861 a multiple of 11?
True
Is 600631711 a multiple of 18?
False
Does 1274 divide 1079092014?
True
Is 19604221 a multiple of 1021?
True
Is 12961815 a multiple of 60?
False
Does 33 divide 163704352?
False
Does 6 divide 784857708?
True
Is 46372516 a multiple of 2370?
False
Does 468 divide 943945307?
False
Is 111423895 a multiple of 1811?
False
Is 3404099786 a multiple of 1189?
False
Is 108 a factor of 307368?
True
Is 206373565 a multiple of 10286?
False
Is 7413 a factor of 545571798?
False
Is 84733594 a multiple of 62?
False
Does 414 divide 1779372?
True
Is 43216044 a multiple of 48?
False
Is 6 a factor of 83180414?
False
Does 42 divide 2509413?
False
Is 164960707 a multiple of 34?
False
Is 328 a factor of 496494256?
True
Is 55317087 a multiple of 7?
True
Is 35 a factor of 14605185?
True
Is 164252385 a multiple of 745?
True
Is 254736140 a multiple of 2020?
True
Is 91 a factor of 18579730?
False
Does 1197 divide 128472406?
False
Is 15 a factor of 319378474?
False
Does 18 divide 1029192991?
False
Is 41017556 a multiple of 23?
True
Is 20 a factor of 109940198?
False
Does 476 divide 579318180?
True
Does 6144 divide 518357869?
False
Is 11719 a factor of 793490390?
False
Does 21 divide 39327907?
False
Does 48 divide 172704200?
False
Is 32 a factor of 976032?
True
Does 47 divide 7347577?
False
Is 1994927 a multiple of 490?
False
Is 3894 a factor of 53877384?
True
Is 903 a factor of 818956887?
True
Does 895 divide 13149247?
False
Is 1277994606 a multiple of 57?
True
Does 1002 divide 5037244293?
False
Is 2 a factor of 72353529?
False
Is 314280608 a multiple of 719?
False
Is 144979519 a multiple of 19?
True
Does 1342 divide 717368784?
True
Is 3 a factor of 22108359?
True
Is 310611681 a multiple of 101?
False
Does 2313 divide 302919732?
True
Is 226561101 a multiple of 37?
True
Is 294814784 a multiple of 16?
True
Is 399548705 a multiple of 336?
False
Is 57 a factor of 1092982068?
True
Does 453 divide 166127742?
False
Is 29 a factor of 2802125870?
True
Is 876516720 a multiple of 12?
True
Does 3491 divide 786453871?
False
Is 12 a factor of 769016?
False
Does 2477 divide 390852384?
False
Is 43031136 a multiple of 32?
True
Does 322 divide 54126857?
False
Is 300953576 a multiple of 788?
False
Is 13 a factor of 424972808?
True
Is 91805250 a multiple of 218?
True
Is 91 a factor of 4100042163?
False
Is 60113955 a multiple of 51?
True
Does 14 divide 37704475?
False
Does 15 divide 86430015?
True
Is 3317382351 a multiple of 25?
False
Is 84 a factor of 968668596?
True
Is 979 a factor of 114878797?
True
Is 935 a factor of 1364236130?
False
Does 10 divide 83494106?
False
Is 109262364 a multiple of 3?
True
Does 82 divide 278681592?
True
Is 140 a factor of 318713780?
True
Is 162 a factor of 29569894?
False
Is 57 a factor of 20007912?
True
Is 65942351 a multiple of 24?
False
Is 215366166 a multiple of 158?
True
Is 1229616 a multiple of 6?
True
Is 904267704 a multiple of 5061?
False
Is 105284011 a multiple of 79?
True
Is 254865278 a multiple of 38?
True
Is 7 a factor of 144465983?
False
Is 68392944 a multiple of 216?
True
Is 403 a factor of 35648266?
False
Is 187709134 a multiple of 73?
True
Is 597 a factor of 51445313?
False
Does 101 divide 17520268?
True
Is 1506 a factor of 90968882?
False
Is 343108548 a multiple of 148?
True
Is 3099391326 a multiple of 13?
False
Is 1869513055 a multiple of 116?
False
Does 2 divide 355428535?
False
Does 1029 divide 761844846?
True
Does 6162 divide 813556536?
True
Does 25 divide 9231065?
False
Is 946 a factor of 379961846?
True
Is 653 a factor of 29838182?
True
Does 3250 divide 184937826?
False
Does 3 divide 12397347?
True
Does 26 divide 86894730?
True
Does 1123 divide 3408836?
False
Is 299 a factor of 263643848?
True
Is 702064090 a multiple of 455?
True
Does 18 divide 167802234?
False
Does 10 divide 28346690?
True
Is 58 a factor of 626515768?
True
Is 25074126 a multiple of 4122?
True
Is 660 a factor of 242584533?
False
Is 881094 a multiple of 59?
False
Does 72 divide 91649413?
False
Is 910 a factor of 43108696?
False
Is 130 a factor of 332038461?
False
Does 757 divide 571097454?
True
Is 122151540 a multiple of 3?
True
Is 7 a factor of 23840671?
False
Does 605 divide 57691132?
False
Is 223 a factor of 48098668?
False
Is 2 a factor of 536847?
False
Does 12 divide 2132973984?
True
Is 5 a factor of 22349885?
True
Is 1757516490 a multiple of 18?
True
Is 280893244 a multiple of 1964?
True
Does 11 divide 1420012054?
False
Is 136126424 a multiple of 113?
False
Is 151 a factor of 970651103?
True
Is 153 a factor of 133745?
False
Does 18 divide 17070947?
False
Is 11313331 a multiple of 178?
False
Is 295 a factor of 129953630?
False
Is 785 a factor of 142994815?
True
Is 176550068 a multiple of 1828?
True
Is 32619092 a multiple of 44?
True
Does 1484 divide 1537974564?
True
Is 1211019806 a multiple of 318?
False
Does 2089 divide 3194081?
True
Does 102 divide 218777154?
False
Is 692 a factor of 49346776?
False
Is 823 a factor of 104297058?
False
Is 21127702 a multiple of 8?
False
Is 15 a factor of 98722185?
True
Is 354713450 a multiple of 3010?
True
Is 15 a factor of 153784200?
True
Does 29 divide 41653918?
True
Is 73 a factor of 167849916?
False
Is 236076250 a multiple of 30?
False
Is 1149739216 a multiple of 8?
True
Does 75 divide 23135263?
False
Is 351166850 a multiple of 79?
True
Does 7 divide 4410422?
False
Is 61912208 a multiple of 62?
True
Is 144494914 a multiple of 4550?
False
Does 60 divide 27334807?
False
Is 2286 a factor of 52751736?
True
Does 401 divide 43323639?
True
Is 451 a factor of 816650419?
False
Does 211 divide 105059221?
True
Is 410 a factor of 50539880?
True
Is 40 a factor of 287622160?
True
Does 1012 divide 246115285?
False
Is 7954 a factor of 1143857874?
False
Is 23 a factor of 937614021?
True
Is 1570799736 a multiple of 27?
True
Is 24 a factor of 1411104?
True
Does 69 divide 940489760?
False
Is 46424552 a multiple of 8?
True
Is 237 a factor of 44646720?
False
Is 90865809 a multiple of 42?
False
Does 155 divide 351942070?
True
Is 342412279 a multiple of 451?
True
Does 837 divide 373915521?
True
Is 28 a factor of 749929785?
False
Is 253760885 a multiple of 266?
False
Is 410 a factor of 20886162?
False
Does 1207 divide 211340635?
False
Is 2883874 a multiple of 2?
True
Is 261990630 a multiple of 2942?
False
Does 105 divide 186850020?
True
Is 974 a factor of 58878902?
False
Does 626 divide 170055672?
False
Is 157 a factor of 55021278?
True
Is 91847990 a multiple of 65?
True
Is 417 a factor of 36350307?
True
Is 4974874 a multiple of 40?
False
Is 339172800 a multiple of 1824?
True
Does 5056 divide 686848801?
False
Is 149 a factor of 4311513182?
False
Does 51 divide 24798192?
False
Is 35325010 a multiple of 24?
False
Is 7770790 a multiple of 61?
True
Does 11 divide 26543625?
False
Is 25 a factor of 5430813?
False
Is 47747340 a multiple of 45?
True
Is 15 a factor of 39039720?
True
Is 3651905165 a multiple of 95?
True
Does 1368 divide 346839984?
True
Is 3 a factor of 78597992?
False
Is 25245759 a multiple of 342?
False
Is 120170183 a multiple of 61?
True
Is 1313748209 a multiple of 17?
False
Does 343 divide 214969509?
False
Is 923 a factor of 2199218255?
True
Is 154871019 a multiple of 2131?
False
Is 94 a factor of 38702244?
True
Is 2820 a factor of 518296260?
True
Does 2904 divide 126569848?
False
Is 14951550 a multiple of 3?
True
Is 88416400 a multiple of 3760?
True
Is 1057916857 a multiple of 139?
False
Is 175939267 a multiple of 66?
False
Does 486 divide 13393941?
False
Does 1411 divide 5882992358?
True
Is 213743537 a multiple of 438?
Fals